{"id":681,"date":"2009-08-10T16:26:43","date_gmt":"2009-08-10T14:26:43","guid":{"rendered":"http:\/\/castle.pri.ee\/?page_id=681"},"modified":"2010-02-13T13:36:01","modified_gmt":"2010-02-13T11:36:01","slug":"eesti-keel","status":"publish","type":"page","link":"http:\/\/castle.pri.ee\/?page_id=681","title":{"rendered":"Eesti keele grammatika"},"content":{"rendered":"<p><strong>VAHETUNNIS<\/strong><br \/>\n<a href=\"http:\/\/castle.pri.ee\/wp-content\/uploads\/2009\/08\/VAHETUNNIS.jpg\"target=\"_new\"><img loading=\"lazy\" decoding=\"async\" src=\"http:\/\/castle.pri.ee\/wp-content\/uploads\/2009\/08\/VAHETUNNIS-150x150.jpg\" alt=\"VAHETUNNIS\" title=\"VAHETUNNIS\" width=\"150\" height=\"150\" class=\"aligncenter size-thumbnail wp-image-696\" \/><\/a><br \/>\n<strong>TUNNIS<\/strong><br \/>\n<a href=\"http:\/\/castle.pri.ee\/wp-content\/uploads\/2009\/08\/TUNNIS.jpg\"target=\"_new\"><img loading=\"lazy\" decoding=\"async\" src=\"http:\/\/castle.pri.ee\/wp-content\/uploads\/2009\/08\/TUNNIS-150x150.jpg\" alt=\"TUNNIS\" title=\"TUNNIS\" width=\"150\" height=\"150\" class=\"aligncenter size-thumbnail wp-image-693\" \/><\/a><br \/>\n<strong>S\u00f6\u00f6klas<\/strong><br \/>\n<a href=\"http:\/\/castle.pri.ee\/wp-content\/uploads\/2009\/08\/Sooklas1.jpg\"target=\"_new\"><img loading=\"lazy\" decoding=\"async\" src=\"http:\/\/castle.pri.ee\/wp-content\/uploads\/2009\/08\/Sooklas1-150x150.jpg\" alt=\"Sooklas\" title=\"Sooklas\" width=\"150\" height=\"150\" class=\"aligncenter size-thumbnail wp-image-691\" \/><\/a><br \/>\n<strong>ALUS<\/strong><br \/>\n<a href=\"http:\/\/castle.pri.ee\/wp-content\/uploads\/2009\/08\/ALUS.jpg\"target=\"_new\"><img loading=\"lazy\" decoding=\"async\" src=\"http:\/\/castle.pri.ee\/wp-content\/uploads\/2009\/08\/ALUS-150x150.jpg\" alt=\"ALUS\" title=\"ALUS\" width=\"150\" height=\"150\" class=\"aligncenter size-thumbnail wp-image-683\" \/><\/a><br \/>\n<strong>ASES\u00d5NA<\/strong><br \/>\n<a href=\"http:\/\/castle.pri.ee\/wp-content\/uploads\/2009\/08\/ASESONA.jpg\"target=\"_new\"><img loading=\"lazy\" decoding=\"async\" src=\"http:\/\/castle.pri.ee\/wp-content\/uploads\/2009\/08\/ASESONA-150x150.jpg\" alt=\"ASESONA\" title=\"ASESONA\" width=\"150\" height=\"150\" class=\"aligncenter size-thumbnail wp-image-687\" \/><\/a><\/p>\n<p><script type=\"text\/javascript\">\/\/ <![CDATA[\nvar gaJsHost = ((\"https:\" == document.location.protocol) ? \"https:\/\/ssl.\" : \"http:\/\/www.\");\ndocument.write(unescape(\"%3Cscript src='\" + gaJsHost + \"google-analytics.com\/ga.js' type='text\/javascript'%3E%3C\/script%3E\"));\n\/\/ ]]><\/script><br \/>\n<script type=\"text\/javascript\">\/\/ <![CDATA[\ntry {\nvar pageTracker = _gat._getTracker(\"UA-7992157-8\");\npageTracker._trackPageview();\n} catch(err) {}\n\/\/ ]]><\/script><\/p>\n","protected":false},"excerpt":{"rendered":"<p>VAHETUNNIS TUNNIS S\u00f6\u00f6klas ALUS ASES\u00d5NA<\/p>\n","protected":false},"author":1,"featured_media":0,"parent":1359,"menu_order":0,"comment_status":"closed","ping_status":"closed","template":"","meta":{"_monsterinsights_skip_tracking":false,"_monsterinsights_sitenote_active":false,"_monsterinsights_sitenote_note":"","_monsterinsights_sitenote_category":0,"ngg_post_thumbnail":0,"footnotes":""},"_links":{"self":[{"href":"http:\/\/castle.pri.ee\/index.php?rest_route=\/wp\/v2\/pages\/681"}],"collection":[{"href":"http:\/\/castle.pri.ee\/index.php?rest_route=\/wp\/v2\/pages"}],"about":[{"href":"http:\/\/castle.pri.ee\/index.php?rest_route=\/wp\/v2\/types\/page"}],"author":[{"embeddable":true,"href":"http:\/\/castle.pri.ee\/index.php?rest_route=\/wp\/v2\/users\/1"}],"replies":[{"embeddable":true,"href":"http:\/\/castle.pri.ee\/index.php?rest_route=%2Fwp%2Fv2%2Fcomments&post=681"}],"version-history":[{"count":16,"href":"http:\/\/castle.pri.ee\/index.php?rest_route=\/wp\/v2\/pages\/681\/revisions"}],"predecessor-version":[{"id":2939,"href":"http:\/\/castle.pri.ee\/index.php?rest_route=\/wp\/v2\/pages\/681\/revisions\/2939"}],"up":[{"embeddable":true,"href":"http:\/\/castle.pri.ee\/index.php?rest_route=\/wp\/v2\/pages\/1359"}],"wp:attachment":[{"href":"http:\/\/castle.pri.ee\/index.php?rest_route=%2Fwp%2Fv2%2Fmedia&parent=681"}],"curies":[{"name":"wp","href":"https:\/\/api.w.org\/{rel}","templated":true}]}}