{"id":4339,"date":"2010-06-14T10:13:25","date_gmt":"2010-06-14T08:13:25","guid":{"rendered":"http:\/\/castle.pri.ee\/?page_id=4339"},"modified":"2010-06-15T08:34:13","modified_gmt":"2010-06-15T06:34:13","slug":"traadi-tootmine","status":"publish","type":"page","link":"http:\/\/castle.pri.ee\/?page_id=4339","title":{"rendered":"Traadi tootmine"},"content":{"rendered":"<p><strong>Traadi tootmine ja liigitamine<\/strong><\/p>\n<p><strong>Traat <\/strong>on v\u00e4ikese (harilikult \u00fcmmarguse) ristl\u00f5ikega pikk metallmaterjal, mida toodetakse valtsimise (5 &#8212; 12 mm) v\u00f5i ja t\u00f5mbamise (kuni 5 mm) \u00a0teel.<\/p>\n<p><strong>Traat<\/strong> on v\u00e4ikese tavaliselt \u00fcmmarguse, nelinurkse, kuusnurkse, ovaalse, kolmnurkse v\u00f5i mingi muu rist\u00f5ikega pikk ja peen metalltoode, l\u00e4bim\u00f5\u00f5duga kuni 12 mm.<\/p>\n<p style=\"text-align: center;\">\u00a0<\/p>\n<p style=\"text-align: center;\"><a href=\"http:\/\/castle.pri.ee\/wp-content\/uploads\/2010\/06\/Traat.jpg\" target=\"_new\"><img loading=\"lazy\" decoding=\"async\" class=\"aligncenter size-thumbnail wp-image-4341\" title=\"Traat\" src=\"http:\/\/castle.pri.ee\/wp-content\/uploads\/2010\/06\/Traat-150x150.jpg\" alt=\"\" width=\"150\" height=\"150\" \/><\/a>\u00a0<\/p>\n<p>\u00dcldjuhul valmistatakse traati valatud varrasmaterjalist, mis seej\u00e4rel valtsitakse ja vajadusel (alla 5mm l\u00e4bim\u00f5\u00f5du puhul) t\u00f5mmatakse.<\/p>\n<p><strong>Valtsimine<\/strong> on lehtmetalli v\u00f5i traadi tootmine survevaltside abil.<\/p>\n<p>\u00dcldjuhul valmistatakse traati valatud varrasmaterjalist, mis seej\u00e4rel valtsitakse ja vajadusel (alla 5mm l\u00e4bim\u00f5\u00f5du puhul) t\u00f5mmatakse.<\/p>\n<p><strong>T\u00f5mbamine<\/strong> on metallidesurvet\u00f6\u00f6tlemine \u00fcmmarguseristl\u00f5ikega materjalide v\u00f5i pooltoodete saamiseks.<\/p>\n<p style=\"text-align: center;\">\u00a0<\/p>\n<p style=\"text-align: center;\"><a href=\"http:\/\/castle.pri.ee\/wp-content\/uploads\/2010\/06\/Valtsimine.jpg\" target=\"_new\"><img loading=\"lazy\" decoding=\"async\" class=\"size-thumbnail wp-image-4344  aligncenter\" title=\"Valtsimine\" src=\"http:\/\/castle.pri.ee\/wp-content\/uploads\/2010\/06\/Valtsimine-150x150.jpg\" alt=\"\" width=\"150\" height=\"150\" \/><\/a>\u00a0<\/p>\n<p>Traadi valtsimisel ja t\u00f5mbamisel kaasneb alati tema ristl\u00f5ike <strong>kahanemine<\/strong> ja pikkuse <strong>suurenemine<\/strong>.<\/p>\n<p>Traati toodetakse <strong>terasest, vasest, alumiiniumist<\/strong> ja muudest <strong>v\u00e4\u00e4rismetallidest<\/strong> v\u00f5i nende <strong>sulamitest<\/strong>.<\/p>\n<p>Mingist metallist valmistatud traat v\u00f5ib olla kaetud teise metalli kihiga n\u00f5ndanimetatud <strong>bimetall traat<\/strong>.<\/p>\n<p style=\"text-align: center;\">\u00a0<a href=\"http:\/\/castle.pri.ee\/wp-content\/uploads\/2010\/06\/ehitus.jpg\" target=\"_new\"><img loading=\"lazy\" decoding=\"async\" class=\"aligncenter size-thumbnail wp-image-4349\" title=\"ehitus\" src=\"http:\/\/castle.pri.ee\/wp-content\/uploads\/2010\/06\/ehitus-150x150.jpg\" alt=\"\" width=\"150\" height=\"150\" \/><\/a>\u00a0<\/p>\n<p><strong>Terastraati<\/strong> kasutatakse trosside, ehitussarruste, v\u00f5rkude, kinnitusvahendite toomisel, sidumisvahendina ja paljudel teiste toodete valmistamisel l\u00e4htematerjalina.<\/p>\n<p><strong>Vasest, alumiiniumist, volframist<\/strong> ja <strong>niklisulameist<\/strong> valmistatud traate kasutatakse elektri- ja m\u00e4hisejuhtmete valmistamiseks elektroonikat\u00f6\u00f6stuses ja mujal.<\/p>\n<p><strong>Kuld-, h\u00f5be-, plaatina<\/strong>&#8212; ja teistest v\u00e4\u00e4rismetallidest traati kasutatakse elektroonikat\u00f6\u00f6stuses, laboratooriumides, ehtet\u00f6\u00f6stuses jne.<\/p>\n<p style=\"text-align: center;\"><a href=\"http:\/\/castle.pri.ee\/wp-content\/uploads\/2010\/06\/elektri.jpg\" target=\"_new\"><img loading=\"lazy\" decoding=\"async\" class=\"aligncenter size-thumbnail wp-image-4352\" title=\"elektri\" src=\"http:\/\/castle.pri.ee\/wp-content\/uploads\/2010\/06\/elektri-150x150.jpg\" alt=\"\" width=\"150\" height=\"150\" \/><\/a>\u00a0<\/p>\n<p><strong>Okastraat<\/strong> on traadist punutud ogadega materjal, mida kasutatakse peamiselt piirete ja kaitserajatiste ehitamisel.<\/p>\n","protected":false},"excerpt":{"rendered":"<p>Traadi tootmine ja liigitamine Traat on v\u00e4ikese (harilikult \u00fcmmarguse) ristl\u00f5ikega pikk metallmaterjal, mida toodetakse valtsimise (5 &#8212; 12 mm) v\u00f5i ja t\u00f5mbamise (kuni 5 mm) \u00a0teel. Traat on v\u00e4ikese tavaliselt \u00fcmmarguse, nelinurkse, kuusnurkse, ovaalse, kolmnurkse v\u00f5i mingi muu rist\u00f5ikega pikk ja peen metalltoode, l\u00e4bim\u00f5\u00f5duga kuni 12 mm. \u00a0 \u00a0 \u00dcldjuhul valmistatakse traati valatud varrasmaterjalist, mis [&hellip;]<\/p>\n","protected":false},"author":1,"featured_media":0,"parent":3921,"menu_order":16,"comment_status":"open","ping_status":"closed","template":"","meta":{"_monsterinsights_skip_tracking":false,"_monsterinsights_sitenote_active":false,"_monsterinsights_sitenote_note":"","_monsterinsights_sitenote_category":0,"ngg_post_thumbnail":0,"footnotes":""},"_links":{"self":[{"href":"http:\/\/castle.pri.ee\/index.php?rest_route=\/wp\/v2\/pages\/4339"}],"collection":[{"href":"http:\/\/castle.pri.ee\/index.php?rest_route=\/wp\/v2\/pages"}],"about":[{"href":"http:\/\/castle.pri.ee\/index.php?rest_route=\/wp\/v2\/types\/page"}],"author":[{"embeddable":true,"href":"http:\/\/castle.pri.ee\/index.php?rest_route=\/wp\/v2\/users\/1"}],"replies":[{"embeddable":true,"href":"http:\/\/castle.pri.ee\/index.php?rest_route=%2Fwp%2Fv2%2Fcomments&post=4339"}],"version-history":[{"count":13,"href":"http:\/\/castle.pri.ee\/index.php?rest_route=\/wp\/v2\/pages\/4339\/revisions"}],"predecessor-version":[{"id":4521,"href":"http:\/\/castle.pri.ee\/index.php?rest_route=\/wp\/v2\/pages\/4339\/revisions\/4521"}],"up":[{"embeddable":true,"href":"http:\/\/castle.pri.ee\/index.php?rest_route=\/wp\/v2\/pages\/3921"}],"wp:attachment":[{"href":"http:\/\/castle.pri.ee\/index.php?rest_route=%2Fwp%2Fv2%2Fmedia&parent=4339"}],"curies":[{"name":"wp","href":"https:\/\/api.w.org\/{rel}","templated":true}]}}