{"id":4256,"date":"2010-06-14T09:32:58","date_gmt":"2010-06-14T07:32:58","guid":{"rendered":"http:\/\/castle.pri.ee\/?page_id=4256"},"modified":"2010-06-15T11:17:01","modified_gmt":"2010-06-15T09:17:01","slug":"naelutamine","status":"publish","type":"page","link":"http:\/\/castle.pri.ee\/?page_id=4256","title":{"rendered":"Naelutamine"},"content":{"rendered":"<p><strong>Naelutamine<\/strong> on detailide omavaheline \u00fchendamine naeltega.<\/p>\n<p><strong>Nael<\/strong> on metallist kinnitusdetail puitdetailide \u00fchendamiseks v\u00f5i muust materjalist detailide kinnitamiseks puidu k\u00fclge.<\/p>\n<p><strong>Naeltega<\/strong> \u00fchendamist kasutatakse vaid lihtsamate t\u00f6\u00f6de juures.<\/p>\n<p style=\"text-align: center;\"><a href=\"http:\/\/castle.pri.ee\/wp-content\/uploads\/2010\/06\/3.jpg\" target=\"_new\"><img loading=\"lazy\" decoding=\"async\" class=\"aligncenter size-thumbnail wp-image-4258\" title=\"3\" src=\"http:\/\/castle.pri.ee\/wp-content\/uploads\/2010\/06\/3-150x150.jpg\" alt=\"\" width=\"150\" height=\"150\" \/><\/a>\u00a0<\/p>\n<p><strong>Naelliide <\/strong>on\u00a0liide, kus \u00fchenduselementideks on naelad.\u00a0Naelliide<strong> <\/strong>ei ole kuigi tugev \u00fchendusviis.<\/p>\n<p>L\u00f5hastumise v\u00e4ltimiseks tuleb v\u00e4ikesesse v\u00f5i \u00f5hukesse detaili enne naela sisel\u00f6\u00f6mist <strong>puurida<\/strong> ava.<\/p>\n<p>Seda tehakse naaskli, peene puuri v\u00f5i ilma peata naela abil.<\/p>\n<p>Liite tugevus oleneb alumisse detaili ulatuva naelaosa pikkusest, j\u00e4medusest, l\u00f6\u00f6gi suunast, puidu liigist, selle niiskusest jne.<\/p>\n<p style=\"text-align: center;\"><a href=\"http:\/\/castle.pri.ee\/wp-content\/uploads\/2010\/06\/zabivanie-gvosdei-6.jpg\" target=\"_new\"><img loading=\"lazy\" decoding=\"async\" class=\"aligncenter size-thumbnail wp-image-4261\" title=\"zabivanie gvosdei 6\" src=\"http:\/\/castle.pri.ee\/wp-content\/uploads\/2010\/06\/zabivanie-gvosdei-6-150x150.jpg\" alt=\"\" width=\"150\" height=\"150\" \/><\/a>\u00a0<\/p>\n<p>Mitme naelaga liidet saab tugevdada sel viisil, et l\u00fc\u00fca nad teineteise suhtes kadu.<\/p>\n<p>Liite tugevdamiseks valitakse m\u00f5nikord ka pikemad naelad, mis ulatuvad l\u00e4bi m\u00f5lemast detailist.<\/p>\n<p style=\"text-align: center;\"><a href=\"http:\/\/castle.pri.ee\/wp-content\/uploads\/2010\/06\/zabivanie-gvosdei-2.jpg\" target=\"_new\"><img loading=\"lazy\" decoding=\"async\" class=\"size-thumbnail wp-image-4262  aligncenter\" title=\"zabivanie gvosdei 2\" src=\"http:\/\/castle.pri.ee\/wp-content\/uploads\/2010\/06\/zabivanie-gvosdei-2-150x150.jpg\" alt=\"\" width=\"150\" height=\"150\" \/><\/a>\u00a0<\/p>\n<p>V\u00e4ljaulatuvad naelaotsad l\u00fc\u00fcakse t\u00e4isnurga all vastu detaili.<\/p>\n<p><strong>S\u00f5rgkang<\/strong> on f\u00fc\u00fcsikalise kangi ehk j\u00f5u\u00f5la p\u00f5him\u00f5tet kasutav t\u00f6\u00f6riist, mis omab \u00fcht v\u00f5i kaht s\u00f5rakujulist otsa, millega saab eemaldada naelu, teine ots v\u00f5ib olla heebel v\u00f5i \u00fcmar.<\/p>\n<p>K\u00f5va v\u00f5i elastse puidu sisse l\u00f6\u00f6misel m\u00e4\u00e4ritakse naela eelnevalt parafiiniga.<\/p>\n<p><strong>Vasar<\/strong> ehk <strong>haamer<\/strong> on t\u00f6\u00f6riist materjali v\u00f5i objekti l\u00f6\u00f6giga t\u00f6\u00f6tlemiseks.<\/p>\n<p style=\"text-align: center;\"><a href=\"http:\/\/castle.pri.ee\/wp-content\/uploads\/2010\/06\/zabivanie-gvosdei-8.jpg\" target=\"_new\"><img loading=\"lazy\" decoding=\"async\" class=\"aligncenter size-thumbnail wp-image-4264\" title=\"zabivanie gvosdei 8\" src=\"http:\/\/castle.pri.ee\/wp-content\/uploads\/2010\/06\/zabivanie-gvosdei-8-150x150.jpg\" alt=\"\" width=\"150\" height=\"150\" \/><\/a><\/p>\n<p style=\"text-align: center;\">\u00a0<\/p>\n<p style=\"text-align: center;\"><a href=\"http:\/\/castle.pri.ee\/wp-content\/uploads\/2010\/06\/naela_valja.jpg\"><img loading=\"lazy\" decoding=\"async\" class=\"aligncenter size-thumbnail wp-image-4265\" title=\"naela_valja\" src=\"http:\/\/castle.pri.ee\/wp-content\/uploads\/2010\/06\/naela_valja-150x150.jpg\" alt=\"\" width=\"150\" height=\"150\" \/><\/a>\u00a0<\/p>\n<p style=\"text-align: center;\"><a href=\"http:\/\/castle.pri.ee\/wp-content\/uploads\/2010\/06\/Naelad.jpg\" target=\"_new\"><img loading=\"lazy\" decoding=\"async\" class=\"aligncenter size-thumbnail wp-image-4266\" title=\"Naelad\" src=\"http:\/\/castle.pri.ee\/wp-content\/uploads\/2010\/06\/Naelad-150x150.jpg\" alt=\"\" width=\"150\" height=\"150\" \/><\/a><\/p>\n<p style=\"text-align: center;\"><a href=\"http:\/\/castle.pri.ee\/wp-content\/uploads\/2010\/06\/IMG_5411_2.jpg\" target=\"_new\"><img loading=\"lazy\" decoding=\"async\" class=\"aligncenter size-thumbnail wp-image-4267\" title=\"IMG_5411_2\" src=\"http:\/\/castle.pri.ee\/wp-content\/uploads\/2010\/06\/IMG_5411_2-150x150.jpg\" alt=\"\" width=\"150\" height=\"150\" \/><\/a>\u00a0<\/p>\n","protected":false},"excerpt":{"rendered":"<p>Naelutamine on detailide omavaheline \u00fchendamine naeltega. Nael on metallist kinnitusdetail puitdetailide \u00fchendamiseks v\u00f5i muust materjalist detailide kinnitamiseks puidu k\u00fclge. Naeltega \u00fchendamist kasutatakse vaid lihtsamate t\u00f6\u00f6de juures. \u00a0 Naelliide on\u00a0liide, kus \u00fchenduselementideks on naelad.\u00a0Naelliide ei ole kuigi tugev \u00fchendusviis. L\u00f5hastumise v\u00e4ltimiseks tuleb v\u00e4ikesesse v\u00f5i \u00f5hukesse detaili enne naela sisel\u00f6\u00f6mist puurida ava. Seda tehakse naaskli, peene puuri [&hellip;]<\/p>\n","protected":false},"author":1,"featured_media":0,"parent":3921,"menu_order":13,"comment_status":"open","ping_status":"closed","template":"","meta":{"_monsterinsights_skip_tracking":false,"_monsterinsights_sitenote_active":false,"_monsterinsights_sitenote_note":"","_monsterinsights_sitenote_category":0,"ngg_post_thumbnail":0,"footnotes":""},"_links":{"self":[{"href":"http:\/\/castle.pri.ee\/index.php?rest_route=\/wp\/v2\/pages\/4256"}],"collection":[{"href":"http:\/\/castle.pri.ee\/index.php?rest_route=\/wp\/v2\/pages"}],"about":[{"href":"http:\/\/castle.pri.ee\/index.php?rest_route=\/wp\/v2\/types\/page"}],"author":[{"embeddable":true,"href":"http:\/\/castle.pri.ee\/index.php?rest_route=\/wp\/v2\/users\/1"}],"replies":[{"embeddable":true,"href":"http:\/\/castle.pri.ee\/index.php?rest_route=%2Fwp%2Fv2%2Fcomments&post=4256"}],"version-history":[{"count":17,"href":"http:\/\/castle.pri.ee\/index.php?rest_route=\/wp\/v2\/pages\/4256\/revisions"}],"predecessor-version":[{"id":4523,"href":"http:\/\/castle.pri.ee\/index.php?rest_route=\/wp\/v2\/pages\/4256\/revisions\/4523"}],"up":[{"embeddable":true,"href":"http:\/\/castle.pri.ee\/index.php?rest_route=\/wp\/v2\/pages\/3921"}],"wp:attachment":[{"href":"http:\/\/castle.pri.ee\/index.php?rest_route=%2Fwp%2Fv2%2Fmedia&parent=4256"}],"curies":[{"name":"wp","href":"https:\/\/api.w.org\/{rel}","templated":true}]}}