{"id":3967,"date":"2010-06-01T18:57:22","date_gmt":"2010-06-01T16:57:22","guid":{"rendered":"http:\/\/castle.pri.ee\/?page_id=3967"},"modified":"2010-06-14T09:54:39","modified_gmt":"2010-06-14T07:54:39","slug":"tehniline-joonestamine","status":"publish","type":"page","link":"http:\/\/castle.pri.ee\/?page_id=3967","title":{"rendered":"Tehniline joonestamine"},"content":{"rendered":"<p style=\"text-align: center;\"><strong>Eseme kuju ja suurus<\/strong><strong> <\/strong><strong>\u00a0<\/strong><strong>\u00a0<\/strong><\/p>\n<p>\u00a0<\/p>\n<p>\u00a0\u00a0\u00a0\u00a0\u00a0 Et hakata mingit eset valmistama,on tarvis teada tema kuju ja suurust. K\u00f5ige lihtsam on eset esitada foto v\u00f5i pildina. Igat eset iseloomustavad tema <strong>m\u00f5\u00f5tmed<\/strong>: <strong>pikkus, laius ja paksus<\/strong>. \u00a0<\/p>\n<p>Pikkuse m\u00f5\u00f5t\u00fchikuks on <strong>meeter<\/strong>. T\u00f6\u00f6\u00f5petuse tundides kasutatakse m\u00f5\u00f5t\u00fchikuna millimeetrit. Meetri l\u00fchend on m, sentimeetril vastavalt cm ja millimeetril mm. Joonistel m\u00f5\u00f5t\u00fchikut tavaliselt <strong>ei m\u00e4rgita<\/strong>, sest alati on eseme m\u00f5\u00f5tmed antud <strong>millimeetrites<\/strong>.<\/p>\n<p style=\"text-align: center;\"><strong>Tehniline joonestamine<\/strong><\/p>\n<p style=\"text-align: center;\">\u00a0<\/p>\n<p style=\"text-align: center;\"><a href=\"http:\/\/castle.pri.ee\/wp-content\/uploads\/2010\/06\/vaade_1.jpg\" target=\"_new\"><img loading=\"lazy\" decoding=\"async\" class=\"aligncenter size-thumbnail wp-image-3970\" title=\"vaade_1\" src=\"http:\/\/castle.pri.ee\/wp-content\/uploads\/2010\/06\/vaade_1-150x150.jpg\" alt=\"\" width=\"150\" height=\"150\" \/><\/a>\u00a0<\/p>\n<p style=\"text-align: center;\"><a href=\"http:\/\/castle.pri.ee\/wp-content\/uploads\/2010\/06\/Vaade1.jpg\" target=\"_new\"><img loading=\"lazy\" decoding=\"async\" class=\"aligncenter size-thumbnail wp-image-3974\" title=\"Vaade\" src=\"http:\/\/castle.pri.ee\/wp-content\/uploads\/2010\/06\/Vaade1-150x150.jpg\" alt=\"\" width=\"150\" height=\"150\" \/><\/a><\/p>\n<p>\u00a0\u00a0\u00a0\u00a0 Joonestamises on kokku lepitud j\u00e4rgnevas: eseme vaatlemisel erinevatelt k\u00fclgedelt saadakse vaated. Need on eestvaade, vaated k\u00fcljelt \u2013 vasakult ja paremalt, alt ja ka tagant.<\/p>\n<p>\u00a0\u00a0\u00a0\u00a0\u00a0\u00a0\u00a0\u00a0\u00a0\u00a0\u00a0 <strong>Joonis<\/strong> on tehnilise objekti tasapinnaline graafiline kujutis, mis sisaldab vajalikke andmeid selle objekti kuju, konstruktsiooni ja m\u00f5\u00f5tmete kohta.<\/p>\n<p><strong>T\u00f6\u00f6joonis<\/strong> on detaili eseme ristprojektsioonis tehtud joonis, mis sisaldab k\u00f5iki selle valmistamiseks vajaminevaid andmeid. T\u00f6\u00f6joonise tegemisel aga kasutatakse joonestusvahendeid \u2013 <strong>joonlauda, kolmnurki, sirklit<\/strong>.<\/p>\n<p>\u00a0\u00a0\u00a0\u00a0\u00a0\u00a0\u00a0\u00a0\u00a0\u00a0\u00a0 <strong>Eskiis<\/strong> on vaba k\u00e4ega tehtud joonis. Joonis v\u00f5i eskiis annab esemest kujutatud tasapinnalise kujutise.<\/p>\n<p>\u00a0\u00a0\u00a0\u00a0\u00a0\u00a0\u00a0\u00a0\u00a0\u00a0\u00a0 <strong>Piltkujutis<\/strong> on tehnilise objekti aksonomeetriline v\u00f5imalikult \u00fclevaatlik joonis.<\/p>\n<p style=\"text-align: center;\"><a href=\"http:\/\/castle.pri.ee\/wp-content\/uploads\/2010\/06\/grafitseskaja-dokumentasia_eesti.jpg\" target=\"_new\"><img loading=\"lazy\" decoding=\"async\" class=\"aligncenter size-thumbnail wp-image-3976\" title=\"grafitseskaja dokumentasia_eesti\" src=\"http:\/\/castle.pri.ee\/wp-content\/uploads\/2010\/06\/grafitseskaja-dokumentasia_eesti-150x150.jpg\" alt=\"\" width=\"150\" height=\"150\" \/><\/a><\/p>\n<p>\u00a0\u00a0\u00a0\u00a0 Mis tahes detaili v\u00f5i eseme joonisel, s.t. igal t\u00f6\u00f6joonisel peab olema piisavalt m\u00f5\u00f5tlemeid selle toote valmistamiseks.\u00a0 \u00dcheks olulisemaks n\u00f5udeks t\u00f6\u00f6joonisele on m\u00f5\u00f5tmete selge ja otstarbekas m\u00e4rkimine. Seda nimetatakse joonise <strong>m\u00f5\u00f5tmestamiseks<\/strong>.<\/p>\n<p><strong>M\u00f5\u00f5dusuhe<\/strong> on joonisele m\u00e4rgitud arvusuhe, mis n\u00e4itab, mitu korda on kujutise m\u00f5\u00f5tmed v\u00e4iksemad v\u00f5i suuremad tegeliku objektiga v\u00f5rrelduna.\u00a0 Tavaliselt kujutatakse esemeid joonistel normaalsuuruses, s.o. <strong>m\u00f5\u00f5tsuhtes<\/strong> (mastaabis) 1:1. K\u00f5ik valjalikud <strong>m\u00f5\u00f5tarvud<\/strong> tuleb esitada nende tegelikus v\u00e4\u00e4rtuses, s.t. m\u00f5\u00f5tmete m\u00e4rkimisel ei arvestada mastaabist tingitud suuruste muutusi.<\/p>\n<p><strong>M\u00f5\u00f5tarvud<\/strong>, mis<strong> <\/strong>t\u00e4histavad m\u00f5\u00f5detava l\u00f5igu suurust (pikkust, laiust jne.)<\/p>\n<p>M\u00f5\u00f5tmete joonistele m\u00e4rkimisel tehakse seda m\u00f5\u00f5tjoonte ja piirik- ehk distantsjoonte abil.<\/p>\n<p><strong>M\u00f5\u00f5tjoon<\/strong> m\u00e4\u00e4rab m\u00f5\u00f5detava l\u00f5igu pikkuse. Tema otstes on m\u00f5\u00f5tnooled, mille teravikud ulatuvad piirik- ehk distantsjoonteni ja fikseerivad m\u00f5\u00f5tme pikkuse. <strong>Piirik- ehk distantsjoon<\/strong> t\u00f5mmatakse detailiga risti ning nende vahele paralleelselt detailiga t\u00f5mmataksegi m\u00f5\u00f5tjoon.<\/p>\n<p style=\"text-align: center;\"><a href=\"http:\/\/castle.pri.ee\/wp-content\/uploads\/2010\/06\/Jooned.jpg\" target=\"_new\"><img loading=\"lazy\" decoding=\"async\" class=\"aligncenter size-thumbnail wp-image-3980\" title=\"Jooned\" src=\"http:\/\/castle.pri.ee\/wp-content\/uploads\/2010\/06\/Jooned-150x150.jpg\" alt=\"\" width=\"150\" height=\"150\" \/><\/a><\/p>\n<p style=\"text-align: center;\"><strong>K\u00fcsimused <\/strong><\/p>\n<ol>\n<li>Mis on t\u00f6\u00f6joonis?<\/li>\n<li>Miks on vaja t\u00f6\u00f6joonist?<\/li>\n<li>Mis on eskiis?<\/li>\n<li>Mille poolest erineb eskiis t\u00f6\u00f6joonisest?<\/li>\n<li>Mis on<strong> <\/strong>m\u00f5\u00f5dusuhe?<\/li>\n<\/ol>\n<p>Rists\u00f5na <a href=\"http:\/\/castle.pri.ee\/wp-content\/uploads\/2010\/06\/Tehniline_joonestamine_1.htm\">Tehniline_joonestamine_1<\/a><\/p>\n","protected":false},"excerpt":{"rendered":"<p>Eseme kuju ja suurus \u00a0\u00a0 \u00a0 \u00a0\u00a0\u00a0\u00a0\u00a0 Et hakata mingit eset valmistama,on tarvis teada tema kuju ja suurust. K\u00f5ige lihtsam on eset esitada foto v\u00f5i pildina. Igat eset iseloomustavad tema m\u00f5\u00f5tmed: pikkus, laius ja paksus. \u00a0 Pikkuse m\u00f5\u00f5t\u00fchikuks on meeter. T\u00f6\u00f6\u00f5petuse tundides kasutatakse m\u00f5\u00f5t\u00fchikuna millimeetrit. Meetri l\u00fchend on m, sentimeetril vastavalt cm ja millimeetril mm. [&hellip;]<\/p>\n","protected":false},"author":1,"featured_media":0,"parent":3921,"menu_order":5,"comment_status":"open","ping_status":"closed","template":"","meta":{"_monsterinsights_skip_tracking":false,"_monsterinsights_sitenote_active":false,"_monsterinsights_sitenote_note":"","_monsterinsights_sitenote_category":0,"ngg_post_thumbnail":0,"footnotes":""},"_links":{"self":[{"href":"http:\/\/castle.pri.ee\/index.php?rest_route=\/wp\/v2\/pages\/3967"}],"collection":[{"href":"http:\/\/castle.pri.ee\/index.php?rest_route=\/wp\/v2\/pages"}],"about":[{"href":"http:\/\/castle.pri.ee\/index.php?rest_route=\/wp\/v2\/types\/page"}],"author":[{"embeddable":true,"href":"http:\/\/castle.pri.ee\/index.php?rest_route=\/wp\/v2\/users\/1"}],"replies":[{"embeddable":true,"href":"http:\/\/castle.pri.ee\/index.php?rest_route=%2Fwp%2Fv2%2Fcomments&post=3967"}],"version-history":[{"count":19,"href":"http:\/\/castle.pri.ee\/index.php?rest_route=\/wp\/v2\/pages\/3967\/revisions"}],"predecessor-version":[{"id":4328,"href":"http:\/\/castle.pri.ee\/index.php?rest_route=\/wp\/v2\/pages\/3967\/revisions\/4328"}],"up":[{"embeddable":true,"href":"http:\/\/castle.pri.ee\/index.php?rest_route=\/wp\/v2\/pages\/3921"}],"wp:attachment":[{"href":"http:\/\/castle.pri.ee\/index.php?rest_route=%2Fwp%2Fv2%2Fmedia&parent=3967"}],"curies":[{"name":"wp","href":"https:\/\/api.w.org\/{rel}","templated":true}]}}